2 - 11*v - 11. Let p(x) = -5*b(x) + 3*d(x). Determine p(c).
-13
Let t be -2 + 0 + -1 + -2. Let p be (0 - -1) + -2 + t. Let m(h) = -4*h**2 - 2*h + 2*h**2 + 8 + 3*h**2 + 9*h. Give m(p).
2
Let g(d) = -2*d + 3. Let h(z) = 11*z - 20. Let f be h(2). Determine g(f).
-1
Let q = -83 + 95. Let u(t) = -t + 18. Calculate u(q).
6
Let y(w) = -8 - 2*w**2 + 13 + 22*w + 17 + w**2 + 6. What is y(23)?
5
Let r = -89 - -94. Suppose -4*h + 15 = 2*x - 13, -2*h = r*x - 38. Let a(u) = -u**3 + 5*u**2 + 4*u - 3. Give a(x).
-15
Let x(d) = d**3 + 5*d**2 - 6*d + 6. Suppose -15*b - 36 = -9*b. Determine x(b).
6
Let f(g) = -g**2 + g - 1. Let a be f(1). Let q be 2 + (1 - a) + 2. Suppose v = q - 7. Let h(y) = 3*y**2 + y + 1. Determine h(v).
3
Let p = 34 + -27. Let w(v) = -v + 2. Let t(k) = -k + 1. Let z(d) = p*w(d) - 6*t(d). Calculate z(4).
4
Let p be ((-15)/(-6) + -2)*4. Let c be 2/(-6) - p/(-6). Let t(m) be the first derivative of m**4/4 - m**3/3 + m**2/2 + 6*m + 15. What is t(c)?
6
Suppose 100 = 4*r - 0*r. Suppose -6*z + z - r = 0. Let k(b) = -b. What is k(z)?
5
Let w(n) = n + 1. Let b(v) = 22*v - 4. Let c be b(1). Suppose 5*r + 48 = c. What is w(r)?
-5
Let z(w) = 2*w + 2. Let m(v) = v**2 - 6*v + 3. Let p be m(5). Calculate z(p).
-2
Suppose -7*q - 15 = -29. Let b(y) be the second derivative of y**4/12 - y**3/2 + 2*y**2 - y. Let p be b(q). Let k(n) = 3*n**2 - 2*n - 2. Calculate k(p).
6
Let g(w) = -w**2 - w + 5. Let x(u) = 2*u**3 - 16*u**2 + 2*u - 10. Let q be x(8). Suppose 26 - q = 5*t. Determine g(t).
-15
Let w(k) = 2*k. Suppose 6 = -3*g + 15. Let h be -2 + g + 1 + (4 - 2). Give w(h).
8
Let b(i) = -i**3 + 8*i**2 - 8*i. Let s = 209 + -203. Give b(s).
24
Let u(v) = v**3 + 10*v**2 + 9*v - 2. Let m = 100 - 109. Calculate u(m).
-2
Let o(f) = 2*f - 3. Suppose 26 = 16*b - 14*b. Let c = b - 8. Let h(i) = -i**2 + 5*i + 2. Let v be h(c). Determine o(v).
1
Suppose 5*a = 17 + 3. Let s = a - 1. Let g(q) = -3*q**3 - 2*q**2 + 3*q**s + 0*q**2 - q**3 + q. Calculate g(-3).
6
Let w(s) be the first derivative of 3*s**2/2 + 1. Suppose 0 = -8*a - 48*i + 51*i + 8, 5*a + 50 = -5*i. Determine w(a).
-6
Let i(t) = -6*t + 17*t - 7*t. What is i(7)?
28
Let o(a) = 2*a. Let s be o(1). Let j = -8 - -11. Let p(d) = 3*d**3 - 8*d - j*d**2 + 4*d**s + 7*d + 1. Calculate p(1).
4
Let w(o) = -o**3 - 10*o**2 + 11*o + 2. Let t be w(-11). Suppose -4 = -t*j - 0*j. Let h(a) = 5 + a**j + 2*a - 5*a + 9*a. Determine h(-5).
0
Let q be (-305)/183 - 15/(-8). Let w(s) be the third derivative of 0*s - 1/60*s**5 - q*s**4 + 0 - s**3 - 5*s**2. Determine w(-4).
-2
Let s be -73 - -69 - (-2 - -1). Let o(w) = 2*w - 1. Determine o(s).
-7
Let p(h) = -8*h. Let m be p(-1). Suppose 0*t + m = -2*t. Let i(v) = v**2 - 9*v - 2. Let f(y) = 2*y**2 - 10*y - 1. Let n(o) = -2*f(o) + 3*i(o). Give n(t).
8
Let l be 12/10*(-110)/(-4). Let z(b) = -6*b**2 - 4 + 1 - 7*b + 17*b**3 - l*b**3 + 17*b**3. Give z(7).
-3
Let i = 5 + -3. Suppose i*a = 5*a - 12. Suppose -a*m + 9*m = 30. Let c(k) = -k**3 + 6*k**2 - k + 5. Give c(m).
-1
Let a(k) = -6*k + 1. Let v be 33/27 - -2*1/(-9). Give a(v).
-5
Let s(d) = d - 6. Let n be s(-7). Let l be 123/39 - (-2)/n. Let b(q) = -1 - l*q + 6*q + 1. Give b(5).
15
Let c(s) = 2*s - 1. Let m be ((-2)/6)/(10/(-180)). Suppose -2*o + 4*h - m = 0, 0*o - 3*o - 1 = -2*h. Determine c(o).
1
Let t(y) = 2*y**2 + 39*y + 122. Let k be t(-16). Let i(h) = h**3 - 9*h**2 - 6*h - 44. Give i(k).
-4
Let w(r) be the second derivative of -3*r**2 + 0 + r - 1/3*r**3. Calculate w(-5).
4
Let n(p) = p**3 + 6*p**2 + 5*p + 2. Let a be (16 + 2)*(-24)/(-18). Let i = a - 29. What is n(i)?
2
Let q(i) = i**2 + 6*i + 2. Let a = 11 + -6. Suppose 4 + a = -p. Let f be (-36)/27*p/(-2). Calculate q(f).
2
Let m(k) = 2 - 2*k - 2*k**2 + 5*k**2 - 5*k**2. Let z = -76 - -79. Suppose -5*r + z*r + 4 = 0. Give m(r).
-10
Let u be -4 + (5 - 1/(-1)). Let r(z) = 5*z + 3*z - 5*z - u*z - 3. Let s be r(10). Let g(q) = q**2 - 7*q - 1. What is g(s)?
-1
Let z = 39 + -24. Let u(q) = -z + 7 + 17 - 2*q. Let w = 12 + -6. Determine u(w).
-3
Let w(r) be the first derivative of 3/2*r**2 + 0*r + 1. Determine w(4).
12
Let a(u) = -u**3 - 3*u**2 + 2*u - 4. Let h be -3 - (-12)/8 - (-3)/6. Let w be (h - -6)*(-6)/10. Give a(w).
-10
Let w(d) be the third derivative of d**9/60480 + d**8/4032 - d**7/720 + d**6/720 + 7*d**5/15 + 27*d**2. Let m(t) be the third derivative of w(t). What is m(-6)?
7
Let k(j) be the first derivative of j**6/120 - j**5/15 + j**4/8 + 2*j**3/3 + 25*j**2/2 - 3. Let h(m) be the second derivative of k(m). Give h(3).
4
Let u(g) be the third derivative of -g**4/4 + 37*g**3/6 - 28*g**2 - g. Determine u(7).
-5
Let r(b) be the third derivative of b**5/60 + b**4/3 + 5*b**3/3 + 293*b**2. Calculate r(-4).
-6
Suppose 30 = 15*s - 5*s. Suppose 3 = s*r + 6. Let x(m) = -m**3 + 1. Let w(c) = -19*c**3 - c**2 - c + 5. Let u(z) = w(z) - 6*x(z). Give u(r).
12
Let v(q) = -4*q**2 + 3*q**2 - 4 - 1 - 6*q. Let z = 27410 - 27415. Give v(z).
0
Suppose 0 = -2*c - 5 - 7. Let j(k) = k**2 + 5*k - 1. Calculate j(c).
5
Let g(r) = -r**3 + 4*r**2 + r - 8. Suppose 3 = 33*u - 32*u. What is g(u)?
4
Let m(j) = -56582 + 56589 + 0*j - j. Determine m(9).
-2
Let r(x) = -x**2 - 3*x**2 - 43*x - 553 + 548 + 50*x + 3*x**2. What is r(7)?
-5
Suppose -79*b = -76*b - 3. Let o(q) = -60*q + 2. Give o(b).
-58
Let j = 288 + -297. Let w(i) = i**3 + 11*i**2 + 19*i + 7. Give w(j).
-2
Let t(s) = s**2 - s. Let b(i) = -5*i**2 + 3. Suppose -2*g + 34 = -5*r + 2*g, g = 1. Let o(d) = r*t(d) - b(d). Let n = -1 - -5. What is o(n)?
5
Let s(v) be the first derivative of 14 + 2*v**3 - 3*v**2 + 0*v + 1/4*v**4. Determine s(-7).
-7
Let d = -682 + 676. Let x(g) = -g**3 - 5*g**2 + 4*g - 5. Give x(d).
7
Let w be (-3 - 35/(-49)) + 2/7. Let f(p) = 2*p**2 + 3*p. Give f(w).
2
Suppose -9 = -c + 4*c. Suppose 3*l - 4 - 5 = -u, 5*u - 33 = -3*l. Let i(o) = 3 + o - o + u*o. What is i(c)?
-15
Let v(f) = -4*f**2 + 4*f - 2. Let w(a) = 5*a**2 - 3*a + 2. Let z = -10 - -7. Let u(o) = z*w(o) - 4*v(o). Let b = 291 + -284. Determine u(b).
2
Suppose 0 = -5*z - f - 241, 2*z - 5*f = -2*z - 216. Let j = z + 31. Let p(u) = -u**2 - 19*u - 24. Let r be p(j). Let x(n) = n**3 + 5*n**2 - 6*n - 1. Give x(r).
-1
Let h(r) = 4*r**3 + 11*r**2 - 2. Let b(j) = 3*j**3 + 11*j**2 - 1. Let t(d) = 5*b(d) - 4*h(d). Suppose -29*f = 9*f + 162 - 580. Determine t(f).
3
Let r(u) = -u**3 - 52767*u**2 - 13*u + 7 + 52756*u**2 + 0*u**3. Determine r(-10).
37
Let t(d) be the third derivative of -10*d**2 - 1/120*d**5 + 0*d**4 + 0 - 5/6*d**3 + 0*d. Let r(z) be the first derivative of t(z). Give r(-2).
2
Let u(w) = -w**2 - 8*w - 6. Let k be ((-14)/(-12))/(43/(-258)). Determine u(k).
1
Let i(a) = a**2 + 8*a - 6. Let j be i(-9). Suppose 0 = -3*h + 5*s - 18, -8*h + j*h + s = 8. Let c be (h - -2)/(0 + 1). Let d(g) = 2*g**2 + 1. Give d(c).
3
Let z = 89 + -83. Let b(r) = -7 - 7*r**2 - r**3 + z - 2*r**2 - 9*r. What is b(-8)?
7
Let i(c) = -c**2 + 9*c - 3. Suppose -11*n = -5*r - 14*n + 10, -2*n = 2*r. Give i(r).
17
Let x(g) = 3479 - 3*g**2 - 3470 + 6*g + 9*g + 6*g**2. Give x(-6).
27
Let s(h) = -h**3 - 6*h**2 - 3*h + 1. Suppose 10 = 7*o + 45. Determine s(o).
-9
Suppose 3*c = -4*d - 1 + 13, 0 = -4*c + 5*d + 16. Let y(s) = -1 + 3*s + c + 2*s. Let l(f) = f**2 - 24*f + 61. Let i be l(21). Calculate y(i).
-7
Suppose 38 = -o - 6. Let w = -16 - o. Let j = w - 25. Let x(r) = -r**2 + 4*r. Give x(j).
3
Let a(q) = 9 - 4*q - 4*q + 3*q + 6*q. Suppose 6 = -b - 0*b. Calculate a(b).
3
Suppose -2*j + 4 = -0. Let m(y) = -1 + y + 33*y**2 - 34*y**j - 1. What is m(-3)?
-14
Let w(t) = t**2 + 7*t - 3. Let f be w(-4). Let o be (10/(-15))/((-2)/f). Let x(d) = d**2 + 5*d - 2. Calculate x(o).
-2
Let w be 1/(-3 - 26/(-8)). Suppose -w*z + 2 = -3*z. Let k(y) = 2*y - 3. Determine k(z).
1
Let s(w) be the second derivative of 1/2*w**2 + 1/6*w**3 + 0 + 14*w. Give s(-6).
-5
Suppose 7 = 5*j + 4*l, l + 15 = 5*j - 2. Let u(n) be the first derivative of -3*n**2 - 1/3*n**3 - 2*n - j. What is u(-4)?
6
Let d = -306 - -312. Let l(y) = 2*y**2 - 11*y - 5. What is l(d)?
1
Let n(j) = j**2 - 5*j - 3. Let p = 13 - 11. Let x = p - -4. Let o be x/21 - 40/(-7). Calculate n(o).
3
Let k(d) = -2*d**2 + 15*d + 6. Let z(v) = v**2 + 31*v + 91. Let p be z(-3). Determine k(p).
13
Let x be (-2)/5 - (-1216)/40. Let l be (-4)/5*x/12. Let k(u) = 3*u - 1. Determine k(l).
-7
Let m